{"id":1093,"date":"2022-01-25T11:18:36","date_gmt":"2022-01-25T10:18:36","guid":{"rendered":"https:\/\/www.eipas.org\/association\/?page_id=1093"},"modified":"2022-05-22T15:23:31","modified_gmt":"2022-05-22T13:23:31","slug":"ressources-documentaires","status":"publish","type":"page","link":"https:\/\/www.eipas.org\/association\/ressources-page-non-affichee\/ressources-documentaires\/","title":{"rendered":"Ressources documentaires"},"content":{"rendered":"<div id=\"pl-1093\"  class=\"panel-layout\" ><div id=\"pg-1093-0\"  class=\"panel-grid panel-no-style\" ><div id=\"pgc-1093-0-0\"  class=\"panel-grid-cell\" ><div id=\"panel-1093-0-0-0\" class=\"so-panel widget widget_sow-image panel-first-child\" data-index=\"0\" ><div class=\"so-widget-sow-image so-widget-sow-image-default-d6014b76747a-1093\">\n\n<div class=\"sow-image-container\">\n\t\t<img decoding=\"async\" src=\"https:\/\/www.eipas.org\/association\/wp-content\/uploads\/2022\/05\/IMG202102250903568816-scaled-e1653225747763.jpg\" width=\"2547\" height=\"947\" srcset=\"https:\/\/www.eipas.org\/association\/wp-content\/uploads\/2022\/05\/IMG202102250903568816-scaled-e1653225747763.jpg 2547w, https:\/\/www.eipas.org\/association\/wp-content\/uploads\/2022\/05\/IMG202102250903568816-scaled-e1653225747763-300x112.jpg 300w, https:\/\/www.eipas.org\/association\/wp-content\/uploads\/2022\/05\/IMG202102250903568816-scaled-e1653225747763-1024x381.jpg 1024w, https:\/\/www.eipas.org\/association\/wp-content\/uploads\/2022\/05\/IMG202102250903568816-scaled-e1653225747763-768x286.jpg 768w, https:\/\/www.eipas.org\/association\/wp-content\/uploads\/2022\/05\/IMG202102250903568816-scaled-e1653225747763-1536x571.jpg 1536w, https:\/\/www.eipas.org\/association\/wp-content\/uploads\/2022\/05\/IMG202102250903568816-scaled-e1653225747763-2048x761.jpg 2048w\" sizes=\"auto, (max-width: 2547px) 100vw, 2547px\" title=\"IMG20210225090356[8816]\" alt=\"\" loading=\"lazy\" \t\tclass=\"so-widget-image\"\/>\n\t<\/div>\n\n<\/div><\/div><div id=\"panel-1093-0-0-1\" class=\"so-panel widget widget_sow-editor panel-last-child\" data-index=\"1\" ><div class=\"so-widget-sow-editor so-widget-sow-editor-base\">\n<div class=\"siteorigin-widget-tinymce textwidget\">\n\t<p><strong><span class=\"sigle4\">Gestion du stress<\/span><\/strong><br \/>\n- Charly Cungi.C, <em>Savoir g\u00e9rer son stress en toutes circonstances.<\/em> Pocket, 2010<br \/>\n- David Servan-Schreiber, Gu\u00e9rir le stress, l'anxi\u00e9t\u00e9 et la d\u00e9pression. Pocket, 2011<br \/>\n- Dominique Servant. Ne plus craquer au travail. Odile Jacob, 2010<\/p>\n<p><strong><span class=\"sigle4\">Affirmation de soi<\/span><\/strong><br \/>\n- Jean-Marie Boisvert et Madeleine Beaudry. S'affirmer et communiquer. Editions de l'homme 2012<br \/>\n- Charly Cungi. Savoir s\u2019affirmer en toutes circonstance Pocket 2011<br \/>\n- Christophe Andr\u00e9. Imparfaits, libres et heureux , Pratiques de l'estime de soi. Poche | Odile Jacob | janvier 2009<br \/>\n- Fr\u00e9d\u00e9ric Fanget. Affirmez-vous Odile Jacob 2009<\/p>\n<p><span class=\"sigle4\"><strong>Bienveillance envers soi<\/strong><\/span><br \/>\n- Christin Neff. S'aimer. Belfond 2013<\/p>\n<p><strong><span class=\"sigle4\">Th\u00e9rapie ACT<\/span><\/strong><br \/>\n- Russ Harris. Le pi\u00e8ge du bonheur : cr\u00e9ez la vie que vous voulez. Les \u00e9ditions de l'homme, 2009<br \/>\n- Russ Harris. Le grand saut : de l'inertie \u00e0 l'action. Les \u00e9ditions de l'homme, 2011<\/p>\n<p><strong><span class=\"sigle4\">Relaxation<\/span><\/strong><br \/>\n- Charly Cungi et Serge Limousin. Savoir se relaxer Retz 2013 Nouvelle \u00e9dition revue avec un CD d\u2019entra\u00eenement<\/p>\n<p><strong><span class=\"sigle4\">Pleine conscience<\/span><\/strong><br \/>\n- Jon Kabat-Zinn. M\u00e9diter, 108 le\u00e7ons de pleine conscience, 1 cd audio inclus. Les Arenes Eds | avril 2010<br \/>\n- Ilios Kotsou. Petit cahier d'exercices de pleine conscience . Jouvence 2012<br \/>\n- Christophe Andr\u00e9. M\u00e9diter jour apr\u00e8s jour, 25 le\u00e7ons pour vivre en pleine conscience - Livre + CD mp3<\/p>\n<p><strong><span class=\"sigle4\">Id\u00e9es suicidaires<\/span><\/strong><br \/>\n- Granier E. Id\u00e9es noires et tentatives de suicide : r\u00e9agir et faire face. Odile Jacob, avril 2006.<\/p>\n<p><strong><span class=\"sigle4\">Burnout<\/span><\/strong><br \/>\n- Josse Ga\u00eblle : Ce matin l\u00e0 - \u00c9ditions Noir sur Blanc Collection Notabilia, janvier 2021<\/p>\n<p><strong><span class=\"sigle4\">Divers<\/span><\/strong><br \/>\n- Laurent Gounelle. Le jour o\u00f9 j'ai appris \u00e0 vivre - Pocket 2016<br \/>\n- Rapha\u00eblle Giordano. Ta deuxi\u00e8me vie commence quand tu comprends que tu n'en as qu'une. Eyrolles 2015<\/p>\n<\/div>\n<\/div><\/div><\/div><div id=\"pgc-1093-0-1\"  class=\"panel-grid-cell\" ><div id=\"panel-1093-0-1-0\" class=\"so-panel widget widget_sow-editor panel-first-child panel-last-child\" data-index=\"2\" ><div class=\"so-widget-sow-editor so-widget-sow-editor-base\">\n<div class=\"siteorigin-widget-tinymce textwidget\">\n\t<p><span style=\"color: #ff6600;\"><strong>Techniques de relaxation (cliquez sur le titre pour \u00e9couter l'enregistrement):<\/strong><\/span><\/p>\n<ul>\n<li><a href=\"https:\/\/www.eipas.org\/association\/wp-content\/uploads\/2022\/04\/introduction.mp3\" target=\"_blank\" rel=\"noopener\">Introduction<\/a><\/li>\n<li><a href=\"https:\/\/www.eipas.org\/association\/wp-content\/uploads\/2022\/04\/respiration_abdominale_1.mp3\" target=\"_blank\" rel=\"noopener\">La respiration abdominale 1<\/a><\/li>\n<li><a href=\"https:\/\/www.eipas.org\/association\/wp-content\/uploads\/2022\/04\/respiration_abdominale_2.mp3\" target=\"_blank\" rel=\"noopener\">La respiration abdominale 2<\/a><\/li>\n<li><a href=\"https:\/\/www.eipas.org\/association\/wp-content\/uploads\/2022\/04\/relaxation_jacobson_1.mp3\" target=\"_blank\" rel=\"noopener\">La relaxation musculaire progressive de Jacobson1<\/a><\/li>\n<li><a href=\"https:\/\/www.eipas.org\/association\/wp-content\/uploads\/2022\/04\/relaxation_jacobson_2.mp3\" target=\"_blank\" rel=\"noopener\">La relaxation musculaire progressive de Jacobson 2<\/a><\/li>\n<li><a href=\"https:\/\/www.eipas.org\/association\/wp-content\/uploads\/2022\/04\/relaxation_respiration_1.mp3\" target=\"_blank\" rel=\"noopener\">Exercice de relaxation et de respiration 1<\/a><\/li>\n<li><a href=\"https:\/\/www.eipas.org\/association\/wp-content\/uploads\/2022\/04\/relaxation_respiration_2.mp3\" target=\"_blank\" rel=\"noopener\">Exercice de relaxation et de respiration 2<\/a><\/li>\n<li><a href=\"https:\/\/www.eipas.org\/association\/wp-content\/uploads\/2022\/04\/relaxation_schultz_1.mp3\" target=\"_blank\" rel=\"noopener\">Relaxation r\u00e9cup\u00e9ration issue de l'auto-training de Schultz 1<\/a><\/li>\n<li><a href=\"https:\/\/www.eipas.org\/association\/wp-content\/uploads\/2022\/04\/relaxation_schultz_2.mp3\" target=\"_blank\" rel=\"noopener\">Relaxation r\u00e9cup\u00e9ration issue de l'auto-training de Schultz 2<\/a><\/li>\n<\/ul>\n<\/div>\n<\/div><\/div><\/div><\/div><\/div>","protected":false},"excerpt":{"rendered":"<p>Gestion du stress &#8211; Charly Cungi.C, Savoir g\u00e9rer son stress en toutes circonstances. Pocket, 2010 &#8211; David Servan-Schreiber, Gu\u00e9rir le stress, l&rsquo;anxi\u00e9t\u00e9 et la d\u00e9pression. Pocket, 2011 &#8211; Dominique Servant. Ne plus craquer au travail. Odile Jacob, 2010 Affirmation de soi &#8211; Jean-Marie Boisvert et Madeleine Beaudry. S&rsquo;affirmer et communiquer. Editions de l&rsquo;homme 2012 &#8211; [&hellip;]<\/p>\n","protected":false},"author":3,"featured_media":0,"parent":1619,"menu_order":0,"comment_status":"closed","ping_status":"closed","template":"","meta":{"footnotes":""},"class_list":["post-1093","page","type-page","status-publish","hentry"],"acf":[],"_links":{"self":[{"href":"https:\/\/www.eipas.org\/association\/wp-json\/wp\/v2\/pages\/1093","targetHints":{"allow":["GET"]}}],"collection":[{"href":"https:\/\/www.eipas.org\/association\/wp-json\/wp\/v2\/pages"}],"about":[{"href":"https:\/\/www.eipas.org\/association\/wp-json\/wp\/v2\/types\/page"}],"author":[{"embeddable":true,"href":"https:\/\/www.eipas.org\/association\/wp-json\/wp\/v2\/users\/3"}],"replies":[{"embeddable":true,"href":"https:\/\/www.eipas.org\/association\/wp-json\/wp\/v2\/comments?post=1093"}],"version-history":[{"count":2,"href":"https:\/\/www.eipas.org\/association\/wp-json\/wp\/v2\/pages\/1093\/revisions"}],"predecessor-version":[{"id":2510,"href":"https:\/\/www.eipas.org\/association\/wp-json\/wp\/v2\/pages\/1093\/revisions\/2510"}],"up":[{"embeddable":true,"href":"https:\/\/www.eipas.org\/association\/wp-json\/wp\/v2\/pages\/1619"}],"wp:attachment":[{"href":"https:\/\/www.eipas.org\/association\/wp-json\/wp\/v2\/media?parent=1093"}],"curies":[{"name":"wp","href":"https:\/\/api.w.org\/{rel}","templated":true}]}}