{"id":422,"date":"2022-01-31T22:02:48","date_gmt":"2022-01-31T21:02:48","guid":{"rendered":"https:\/\/www.eipas.org\/association\/?page_id=422"},"modified":"2025-02-14T07:21:34","modified_gmt":"2025-02-14T06:21:34","slug":"accueil","status":"publish","type":"page","link":"https:\/\/www.eipas.org\/association\/","title":{"rendered":"Accueil"},"content":{"rendered":"<div id=\"pl-422\"  class=\"panel-layout\" ><div id=\"pg-422-0\"  class=\"panel-grid panel-has-style\" ><div class=\"panel-row-style panel-row-style-for-422-0\" ><div id=\"pgc-422-0-0\"  class=\"panel-grid-cell\" ><div id=\"panel-422-0-0-0\" class=\"so-panel widget widget_sow-editor panel-first-child panel-last-child\" data-index=\"0\" ><div class=\"so-widget-sow-editor so-widget-sow-editor-base\">\n<div class=\"siteorigin-widget-tinymce textwidget\">\n\t<p><iframe loading=\"lazy\" title=\"EIPAS pour les salari\u00e9s\" width=\"500\" height=\"375\" src=\"https:\/\/www.youtube.com\/embed\/ZrHg3PBRI_w?feature=oembed\" frameborder=\"0\" allow=\"accelerometer; autoplay; clipboard-write; encrypted-media; gyroscope; picture-in-picture; web-share\" referrerpolicy=\"strict-origin-when-cross-origin\" allowfullscreen><\/iframe><\/p>\n<\/div>\n<\/div><\/div><\/div><div id=\"pgc-422-0-1\"  class=\"panel-grid-cell\" ><div id=\"panel-422-0-1-0\" class=\"so-panel widget widget_sow-editor panel-first-child panel-last-child\" data-index=\"1\" ><div class=\"so-widget-sow-editor so-widget-sow-editor-base\">\n<div class=\"siteorigin-widget-tinymce textwidget\">\n\t<p><iframe loading=\"lazy\" title=\"EIPAS au service des entreprises\" width=\"500\" height=\"375\" src=\"https:\/\/www.youtube.com\/embed\/HKRl1UgrBBM?feature=oembed\" frameborder=\"0\" allow=\"accelerometer; autoplay; clipboard-write; encrypted-media; gyroscope; picture-in-picture; web-share\" referrerpolicy=\"strict-origin-when-cross-origin\" allowfullscreen><\/iframe><\/p>\n<\/div>\n<\/div><\/div><\/div><\/div><\/div><div id=\"pg-422-1\"  class=\"panel-grid panel-has-style\" ><div class=\"my-flex-align-items-stretch colonne-blue panel-row-style panel-row-style-for-422-1\" ><div id=\"pgc-422-1-0\"  class=\"panel-grid-cell\" ><div id=\"panel-422-1-0-0\" class=\"so-panel widget widget_sow-editor panel-first-child\" data-index=\"2\" ><div class=\"panel-widget-style panel-widget-style-for-422-1-0-0\" ><div class=\"so-widget-sow-editor so-widget-sow-editor-base\"><h3 class=\"widget-title\">Je suis un particulier<\/h3>\n<div class=\"siteorigin-widget-tinymce textwidget\">\n\t<p>L\u2019\u00e9quipe EIPAS est \u00e0 votre disposition pour vous soutenir et vous aider \u00e0 faire face \u00e0 la souffrance au travail et \u00e0 mieux vivre dans votre environnement professionnel.<\/p>\n<p>Nos professionnels sont :<br \/>\n- des psychologues dipl\u00f4m\u00e9s<br \/>\nIls r\u00e9pondent \u00e0 un devoir de confidentialit\u00e9.<\/p>\n<\/div>\n<\/div><\/div><\/div><div id=\"panel-422-1-0-1\" class=\"so-panel widget widget_sow-button panel-last-child\" data-index=\"3\" ><div class=\"panel-widget-style panel-widget-style-for-422-1-0-1\" ><div class=\"so-widget-sow-button so-widget-sow-button-flat-6b61134083f2-422\"><div class=\"ow-button-base ow-button-align-center\">\n\t<a href=\"https:\/\/www.eipas.org\/association\/particuliers\/\" class=\"ow-icon-placement-left ow-button-hover\" \t\t>\n\t\t<span>\n\t\t\t\n\t\t\tEn savoir plus\u2026\t\t<\/span>\n\t<\/a>\n<\/div>\n<\/div><\/div><\/div><\/div><div id=\"pgc-422-1-1\"  class=\"panel-grid-cell\" ><div id=\"panel-422-1-1-0\" class=\"so-panel widget widget_sow-editor panel-first-child\" data-index=\"4\" ><div class=\"panel-widget-style panel-widget-style-for-422-1-1-0\" ><div class=\"so-widget-sow-editor so-widget-sow-editor-base\"><h3 class=\"widget-title\">Je suis une entreprise<\/h3>\n<div class=\"siteorigin-widget-tinymce textwidget\">\n\t<p>EIPAS met \u00e0 votre disposition son expertise pour:<\/p>\n<ul>\n<li>promouvoir la QVCT &amp; pr\u00e9venir les RPS organisationnels<\/li>\n<li>diagnostiquer et activer des leviers d'am\u00e9liorations<\/li>\n<li>mettre en avant les valeurs humaines<\/li>\n<li>optimiser le fonctionnement collectif dans vos \u00e9quipes.<\/li>\n<\/ul>\n<\/div>\n<\/div><\/div><\/div><div id=\"panel-422-1-1-1\" class=\"so-panel widget widget_sow-button panel-last-child\" data-index=\"5\" ><div class=\"panel-widget-style panel-widget-style-for-422-1-1-1\" ><div class=\"so-widget-sow-button so-widget-sow-button-flat-6b61134083f2-422\"><div class=\"ow-button-base ow-button-align-center\">\n\t<a href=\"https:\/\/www.eipas.org\/association\/entreprises\/\" class=\"ow-icon-placement-left ow-button-hover\" \t\t>\n\t\t<span>\n\t\t\t\n\t\t\tEn savoir plus\u2026\t\t<\/span>\n\t<\/a>\n<\/div>\n<\/div><\/div><\/div><\/div><div id=\"pgc-422-1-2\"  class=\"panel-grid-cell\" ><div id=\"panel-422-1-2-0\" class=\"so-panel widget widget_sow-editor panel-first-child\" data-index=\"6\" ><div class=\"panel-widget-style panel-widget-style-for-422-1-2-0\" ><div class=\"so-widget-sow-editor so-widget-sow-editor-base\"><h3 class=\"widget-title\">Je suis un <br \/>professionnel de sant\u00e9<\/h3>\n<div class=\"siteorigin-widget-tinymce textwidget\">\n\t<p>EIPAS est votre partenaire pour:<\/p>\n<ul>\n<li>accompagner psychologiquement les personnes en souffrance au travail<\/li>\n<li>aider les personnes en arr\u00eat maladie ou recherche d'emploi \u00e0 reprendre confiance et se remobiliser<\/li>\n<li>donner des outils pour faire face aux exigences professionnelles<\/li>\n<\/ul>\n<\/div>\n<\/div><\/div><\/div><div id=\"panel-422-1-2-1\" class=\"so-panel widget widget_sow-button panel-last-child\" data-index=\"7\" ><div class=\"panel-widget-style panel-widget-style-for-422-1-2-1\" ><div class=\"so-widget-sow-button so-widget-sow-button-flat-6b61134083f2-422\"><div class=\"ow-button-base ow-button-align-center\">\n\t<a href=\"https:\/\/www.eipas.org\/association\/ressources-page-non-affichee\/ressources-pour-les-professionnels-de-sante\/\" class=\"ow-icon-placement-left ow-button-hover\" \t\t>\n\t\t<span>\n\t\t\t\n\t\t\tEn savoir plus\u2026\t\t<\/span>\n\t<\/a>\n<\/div>\n<\/div><\/div><\/div><\/div><\/div><\/div><div id=\"pg-422-2\"  class=\"panel-grid panel-no-style\" ><div id=\"pgc-422-2-0\"  class=\"panel-grid-cell panel-grid-cell-empty\" ><\/div><div id=\"pgc-422-2-1\"  class=\"panel-grid-cell panel-grid-cell-empty panel-grid-cell-mobile-last\" ><\/div><div id=\"pgc-422-2-2\"  class=\"panel-grid-cell panel-grid-cell-empty\" ><\/div><\/div><div id=\"pg-422-3\"  class=\"panel-grid panel-has-style\" ><div class=\"panel-row-style panel-row-style-for-422-3\" ><div id=\"pgc-422-3-0\"  class=\"panel-grid-cell\" ><div id=\"panel-422-3-0-0\" class=\"so-panel widget widget_sow-headline panel-first-child\" data-index=\"8\" ><div class=\"so-widget-sow-headline so-widget-sow-headline-default-ff1f7ef90088-422 so-widget-fittext-wrapper\" data-fit-text-compressor=\"0.85\"><div class=\"sow-headline-container \">\n\t<h2 class='sow-headline'>VIE DE L'ASSOCIATION<\/h2><\/div><\/div><\/div><div id=\"panel-422-3-0-1\" class=\"so-panel widget widget_sow-features panel-last-child\" data-index=\"9\" ><div class=\"so-widget-sow-features so-widget-sow-features-default-3b216cc42176-422\">\n<div class=\"sow-features-list sow-features-responsive\">\n\n\t\t\t\n\t\t\t<div class=\"sow-features-feature sow-icon-container-position-top sow-features-feature-last-row\" style=\"width: 33.333%\">\n\n\t\t\t\t\t\t\t\t<div\n\t\t\t\t\tclass=\"sow-icon-container sow-container-round\"\n                    style=\"color: #f27407; \"\n\t\t\t\t\t>\n\t\t\t\t\t<span class=\"sow-icon-fontawesome sow-fas\" data-sow-icon=\"&#xe05c;\"\n\t\tstyle=\"font-size: 50px; color: #ffffff\" ><\/span>\t\t\t\t<\/div>\n\t\t\t\t\n\t\t\t\t<div class=\"textwidget\">\n\t\t\t\t\t\t\t\t\t\t\t<h5>\n\t\t\t\t\t\t\t\n\t\t\t\t\t\t\tEquipe EIPAS\t\t\t\t\t\t\t\t\t\t\t\t\t<\/h5>\n\t\t\t\t\t\n\t\t\t\t\t\t\t\t\t\t\t<p>L'<a href=\"https:\/\/www.eipas.org\/association\/qui-sommes-nous\/equipe-eipas\/\" target=\"_blank\" rel=\"noopener\">\u00e9quipe EIPAS<\/a> est soud\u00e9e autour de valeurs communes.<br \/>\nAvancer ensemble, au service de l'humain.<\/p>\n\t\t\t\t\t\n\t\t\t\t\t\t\t\t\t<\/div>\n\t\t\t\t\t\t\t<\/div>\n\n\t\t\n\t\t\t<div class=\"sow-features-feature sow-icon-container-position-top sow-features-feature-last-row\" style=\"width: 33.333%\">\n\n\t\t\t\t\t\t\t\t<div\n\t\t\t\t\tclass=\"sow-icon-container sow-container-round\"\n                    style=\"color: #07aaaf; \"\n\t\t\t\t\t>\n\t\t\t\t\t<span class=\"sow-icon-fontawesome sow-far\" data-sow-icon=\"&#xf06e;\"\n\t\tstyle=\"font-size: 50px; color: #FFFFFF\" ><\/span>\t\t\t\t<\/div>\n\t\t\t\t\n\t\t\t\t<div class=\"textwidget\">\n\t\t\t\t\t\t\t\t\t\t\t<h5>\n\t\t\t\t\t\t\t\n\t\t\t\t\t\t\tGouvernance EIPAS\t\t\t\t\t\t\t\t\t\t\t\t\t<\/h5>\n\t\t\t\t\t\n\t\t\t\t\t\t\t\t\t\t\t<p>Pr\u00e9sident : Guy CAUTENET<br \/>\nTr\u00e9sori\u00e8re : Florence PIGEON<br \/>\nSecr\u00e9taire : Mathias LAUDE<\/p>\n\t\t\t\t\t\n\t\t\t\t\t\t\t\t\t<\/div>\n\t\t\t\t\t\t\t<\/div>\n\n\t\t\n\t\t\t<div class=\"sow-features-feature sow-icon-container-position-top sow-features-feature-last-row\" style=\"width: 33.333%\">\n\n\t\t\t\t\t\t\t\t<div\n\t\t\t\t\tclass=\"sow-icon-container sow-container-round\"\n                    style=\"color: #eeee22; \"\n\t\t\t\t\t>\n\t\t\t\t\t<span class=\"sow-icon-fontawesome sow-far\" data-sow-icon=\"&#xf580;\"\n\t\tstyle=\"font-size: 50px; color: #FFFFFF\" ><\/span>\t\t\t\t<\/div>\n\t\t\t\t\n\t\t\t\t<div class=\"textwidget\">\n\t\t\t\t\t\t\t\t\t\t\t<h5>\n\t\t\t\t\t\t\t\n\t\t\t\t\t\t\tMot du Pr\u00e9sident EIPAS\t\t\t\t\t\t\t\t\t\t\t\t\t<\/h5>\n\t\t\t\t\t\n\t\t\t\t\t\t\t\t\t\t\t<p><a href=\"https:\/\/www.eipas.org\/association\/qui-sommes-nous\/mot-du-president\/\" target=\"_blank\" rel=\"noopener\">Echange avec Guy Cautenet<\/a><\/p>\n\t\t\t\t\t\n\t\t\t\t\t\t\t\t\t<\/div>\n\t\t\t\t\t\t\t<\/div>\n\n\t\t\t\n<\/div>\n<\/div><\/div><\/div><\/div><\/div><div id=\"pg-422-4\"  class=\"panel-grid panel-has-style\" ><div class=\"siteorigin-panels-stretch panel-row-style panel-row-style-for-422-4\" data-stretch-type=\"full\" ><div id=\"pgc-422-4-0\"  class=\"panel-grid-cell\" ><div id=\"panel-422-4-0-0\" class=\"so-panel widget widget_sow-hero panel-first-child panel-last-child\" data-index=\"10\" ><div class=\"so-widget-sow-hero so-widget-sow-hero-default-714ce8d5abbf-422 so-widget-fittext-wrapper\" data-fit-text-compressor=\"0.85\"><div class=\"sow-slider-base\" style=\"display: none\"><ul class=\"sow-slider-images\" data-settings=\"{&quot;pagination&quot;:true,&quot;speed&quot;:800,&quot;timeout&quot;:8000,&quot;paused&quot;:true,&quot;pause_on_hover&quot;:false,&quot;swipe&quot;:true,&quot;nav_always_show_desktop&quot;:&quot;&quot;,&quot;nav_always_show_mobile&quot;:&quot;&quot;,&quot;breakpoint&quot;:&quot;780px&quot;,&quot;unmute&quot;:false,&quot;anchor&quot;:null}\">\t\t<li class=\"sow-slider-image\" style=\"\" >\n\t\t\t\t\t<div class=\"sow-slider-image-container\">\n\t\t\t<div class=\"sow-slider-image-wrapper\">\n\t\t\t\t<h2 style=\"text-align: center\"><span style=\"color: #333333\"><em>\"Mieux vivre au travail, c'est possible.\" <\/em><\/span><\/h2>\n\t\t\t<\/div>\n\t\t<\/div>\n\t\t\t\t<\/li>\n\t\t<\/ul>\t\t\t\t<ol class=\"sow-slider-pagination\">\n\t\t\t\t\t\t\t\t\t\t\t<li><a href=\"#\" data-goto=\"0\" aria-label=\"afficher la diapositive 1\"><\/a><\/li>\n\t\t\t\t\t\t\t\t\t<\/ol>\n\n\t\t\t\t<div class=\"sow-slide-nav sow-slide-nav-next\">\n\t\t\t\t\t<a href=\"#\" data-goto=\"next\" aria-label=\"diapositive suivante\" data-action=\"next\">\n\t\t\t\t\t\t<em class=\"sow-sld-icon-thin-right\"><\/em>\n\t\t\t\t\t<\/a>\n\t\t\t\t<\/div>\n\n\t\t\t\t<div class=\"sow-slide-nav sow-slide-nav-prev\">\n\t\t\t\t\t<a href=\"#\" data-goto=\"previous\" aria-label=\"diapositive pr\u00e9c\u00e9dente\" data-action=\"prev\">\n\t\t\t\t\t\t<em class=\"sow-sld-icon-thin-left\"><\/em>\n\t\t\t\t\t<\/a>\n\t\t\t\t<\/div>\n\t\t\t\t<\/div><\/div><\/div><\/div><\/div><\/div><div id=\"pg-422-5\"  class=\"panel-grid panel-has-style\" ><div class=\"siteorigin-panels-stretch panel-row-style panel-row-style-for-422-5\" data-stretch-type=\"full\" ><div id=\"pgc-422-5-0\"  class=\"panel-grid-cell\" ><div id=\"panel-422-5-0-0\" class=\"so-panel widget widget_sow-headline panel-first-child\" data-index=\"11\" ><div class=\"so-widget-sow-headline so-widget-sow-headline-default-b3bceefc948f-422 so-widget-fittext-wrapper\" data-fit-text-compressor=\"0.85\"><div class=\"sow-headline-container \">\n\t<h2 class='sow-headline'>Pourquoi choisir EIPAS ?<\/h2><\/div><\/div><\/div><div id=\"panel-422-5-0-1\" class=\"so-panel widget widget_sow-features panel-last-child\" data-index=\"12\" ><div class=\"so-widget-sow-features so-widget-sow-features-default-eb1f5dd73f01-422\">\n<div class=\"sow-features-list sow-features-responsive\">\n\n\t\t\t\n\t\t\t<div class=\"sow-features-feature sow-icon-container-position-top sow-features-feature-last-row\" style=\"width: 33.333%\">\n\n\t\t\t\t\t\t\t\t<div\n\t\t\t\t\tclass=\"sow-icon-container sow-container-none\"\n                    style=\"color: #000000; \"\n\t\t\t\t\t>\n\t\t\t\t\t<span class=\"sow-icon-fontawesome sow-fas\" data-sow-icon=\"&#xf7f2;\"\n\t\tstyle=\"font-size: 75px; color: #333333\" ><\/span>\t\t\t\t<\/div>\n\t\t\t\t\n\t\t\t\t<div class=\"textwidget\">\n\t\t\t\t\t\t\t\t\t\t\t<h5>\n\t\t\t\t\t\t\t\n\t\t\t\t\t\t\tUn espace RESSOURCES\t\t\t\t\t\t\t\t\t\t\t\t\t<\/h5>\n\t\t\t\t\t\n\t\t\t\t\t\t\t\t\t\t\t<p>Centre EIPAS sur Clermont-Fd<\/p>\n<p><a href=\"https:\/\/www.eipas.org\/association\/particuliers\/consultations\/\" target=\"_blank\" rel=\"noopener\">Des sites de consultations<\/a> sur les 4 d\u00e9partements de l'Auvergne<\/p>\n<p>Des outils pour le distanciel<\/p>\n\t\t\t\t\t\n\t\t\t\t\t\t\t\t\t<\/div>\n\t\t\t\t\t\t\t<\/div>\n\n\t\t\n\t\t\t<div class=\"sow-features-feature sow-icon-container-position-top sow-features-feature-last-row\" style=\"width: 33.333%\">\n\n\t\t\t\t\t\t\t\t<div\n\t\t\t\t\tclass=\"sow-icon-container sow-container-none\"\n                    style=\"color: #404040; \"\n\t\t\t\t\t>\n\t\t\t\t\t<span class=\"sow-icon-fontawesome sow-fas\" data-sow-icon=\"&#xf0eb;\"\n\t\tstyle=\"font-size: 75px; color: #333333\" ><\/span>\t\t\t\t<\/div>\n\t\t\t\t\n\t\t\t\t<div class=\"textwidget\">\n\t\t\t\t\t\t\t\t\t\t\t<h5>\n\t\t\t\t\t\t\t\n\t\t\t\t\t\t\tDes outils de pr\u00e9vention des RPS et de promotion de la QVCT\t\t\t\t\t\t\t\t\t\t\t\t\t<\/h5>\n\t\t\t\t\t\n\t\t\t\t\t\t\t\t\t\t\t<p><a href=\"https:\/\/www.eipas.org\/association\/entreprises\/diagnostics\/\" target=\"_blank\" rel=\"noopener\">Diagnostics RPS<\/a><br \/>\n<a href=\"https:\/\/www.eipas.org\/association\/entreprises\/qvct\/\" target=\"_blank\" rel=\"noopener\">Main dans la main avec la QVCT<\/a><\/p>\n<p>Obligations l\u00e9gales : consultez ICI les <a class=\"spip_out external\" title=\"articles L 4121-1 \u00e0 5 du code du travail (nouvelle fen\u00eatre)\" href=\"https:\/\/www.legifrance.gouv.fr\/codes\/id\/LEGISCTA000006178066\/\" target=\"_blank\" rel=\"external noopener noreferrer\">articles L 4121-1 \u00e0 5 du code du travail<\/a><\/p>\n\t\t\t\t\t\n\t\t\t\t\t\t\t\t\t<\/div>\n\t\t\t\t\t\t\t<\/div>\n\n\t\t\n\t\t\t<div class=\"sow-features-feature sow-icon-container-position-top sow-features-feature-last-row\" style=\"width: 33.333%\">\n\n\t\t\t\t\t\t\t\t<div\n\t\t\t\t\tclass=\"sow-icon-container sow-container-none\"\n                    style=\"color: #404040; \"\n\t\t\t\t\t>\n\t\t\t\t\t<span class=\"sow-icon-icomoon\" data-sow-icon=\"&#xea84;\"\n\t\tstyle=\"font-size: 75px; color: #333333\" ><\/span>\t\t\t\t<\/div>\n\t\t\t\t\n\t\t\t\t<div class=\"textwidget\">\n\t\t\t\t\t\t\t\t\t\t\t<h5>\n\t\t\t\t\t\t\t\n\t\t\t\t\t\t\tUne newsletter gratuite : inscrivez vous !\t\t\t\t\t\t\t\t\t\t\t\t\t<\/h5>\n\t\t\t\t\t\n\t\t\t\t\t\t\t\t\t\t\t<p><a href=\"https:\/\/www.eipas.org\/association\/je-mabonne-a-la-newsletter\/\" target=\"_blank\" rel=\"noopener\">\"Mieux vivre au travail\" : format trimestriel<\/a><\/p>\n<p>Disposez de ressources \/ d'outils \/ d'actualit\u00e9s pour favoriser la qualit\u00e9 de vie au travail.<\/p>\n\t\t\t\t\t\n\t\t\t\t\t\t\t\t\t<\/div>\n\t\t\t\t\t\t\t<\/div>\n\n\t\t\t\n<\/div>\n<\/div><\/div><\/div><\/div><\/div><div id=\"pg-422-6\"  class=\"panel-grid panel-has-style\" ><div class=\"siteorigin-panels-stretch panel-row-style panel-row-style-for-422-6\" data-stretch-type=\"full-stretched\" ><div id=\"pgc-422-6-0\"  class=\"panel-grid-cell\" ><div id=\"panel-422-6-0-0\" class=\"so-panel widget widget_sow-hero panel-first-child panel-last-child\" data-index=\"13\" ><div class=\"so-widget-sow-hero so-widget-sow-hero-default-9e61eda188bf-422 so-widget-fittext-wrapper\" data-fit-text-compressor=\"0.85\"><div class=\"sow-slider-base\" style=\"display: none\"><ul class=\"sow-slider-images\" data-settings=\"{&quot;pagination&quot;:true,&quot;speed&quot;:800,&quot;timeout&quot;:8000,&quot;paused&quot;:true,&quot;pause_on_hover&quot;:false,&quot;swipe&quot;:true,&quot;nav_always_show_desktop&quot;:&quot;&quot;,&quot;nav_always_show_mobile&quot;:&quot;&quot;,&quot;breakpoint&quot;:&quot;780px&quot;,&quot;unmute&quot;:false,&quot;anchor&quot;:null}\">\t\t<li class=\"sow-slider-image  sow-slider-image-cover\" style=\"background-color: #413c35\" >\n\t\t\t\t\t<div class=\"sow-slider-image-container\">\n\t\t\t<div class=\"sow-slider-image-wrapper\">\n\t\t\t\t<h1 style=\"text-align: center\">ils nous font confiance<\/h1>\n<h5 style=\"text-align: center\">liste des partenaires<\/h5>\n<div class=\"sow-hero-buttons\" style=\"text-align: center\"><div class=\"so-widget-sow-button so-widget-sow-button-flat-06bca6feb7f5\"><div class=\"ow-button-base ow-button-align-center\">\n\t<a href=\"https:\/\/www.eipas.org\/association\/partenaires\/\" class=\"ow-icon-placement-left ow-button-hover\" target=\"_blank\" rel=\"noopener noreferrer\" \t\t>\n\t\t<span>\n\t\t\t\n\t\t\tVOIR\t\t<\/span>\n\t<\/a>\n<\/div>\n<\/div><\/div>\n\t\t\t<\/div>\n\t\t<\/div>\n\t\t<div class=\"sow-slider-image-overlay sow-slider-image-cover\" style=\"background-image: url(https:\/\/www.eipas.org\/association\/wp-content\/uploads\/2022\/03\/nature-gaa673502b_1920-1024x341.jpg);opacity: 0.87\"  ><\/div>\t\t<\/li>\n\t\t<\/ul>\t\t\t\t<ol class=\"sow-slider-pagination\">\n\t\t\t\t\t\t\t\t\t\t\t<li><a href=\"#\" data-goto=\"0\" aria-label=\"afficher la diapositive 1\"><\/a><\/li>\n\t\t\t\t\t\t\t\t\t<\/ol>\n\n\t\t\t\t<div class=\"sow-slide-nav sow-slide-nav-next\">\n\t\t\t\t\t<a href=\"#\" data-goto=\"next\" aria-label=\"diapositive suivante\" data-action=\"next\">\n\t\t\t\t\t\t<em class=\"sow-sld-icon-thin-right\"><\/em>\n\t\t\t\t\t<\/a>\n\t\t\t\t<\/div>\n\n\t\t\t\t<div class=\"sow-slide-nav sow-slide-nav-prev\">\n\t\t\t\t\t<a href=\"#\" data-goto=\"previous\" aria-label=\"diapositive pr\u00e9c\u00e9dente\" data-action=\"prev\">\n\t\t\t\t\t\t<em class=\"sow-sld-icon-thin-left\"><\/em>\n\t\t\t\t\t<\/a>\n\t\t\t\t<\/div>\n\t\t\t\t<\/div><\/div><\/div><\/div><\/div><\/div><div id=\"pg-422-7\"  class=\"panel-grid panel-has-style\" ><div class=\"d-none siteorigin-panels-stretch panel-row-style panel-row-style-for-422-7\" data-stretch-type=\"full\" ><div id=\"pgc-422-7-0\"  class=\"panel-grid-cell\" ><div id=\"panel-422-7-0-0\" class=\"so-panel widget widget_sow-headline panel-first-child\" data-index=\"14\" ><div class=\"so-widget-sow-headline so-widget-sow-headline-default-b3bceefc948f-422 so-widget-fittext-wrapper\" data-fit-text-compressor=\"0.85\"><div class=\"sow-headline-container \">\n\t<h2 class='sow-headline'>CHAMPS D'ACTIONS<\/h2><\/div><\/div><\/div><div id=\"panel-422-7-0-1\" class=\"so-panel widget widget_sow-editor panel-last-child\" data-index=\"15\" ><div class=\"so-widget-sow-editor so-widget-sow-editor-base\">\n<div class=\"siteorigin-widget-tinymce textwidget\">\n\t<p>[carousel_formations]<\/p>\n<\/div>\n<\/div><\/div><\/div><\/div><\/div><\/div>","protected":false},"excerpt":{"rendered":"<p>https:\/\/youtu.be\/ZrHg3PBRI_w https:\/\/youtu.be\/HKRl1UgrBBM L\u2019\u00e9quipe EIPAS est \u00e0 votre disposition pour vous soutenir et vous aider \u00e0 faire face \u00e0 la souffrance au travail et \u00e0 mieux vivre dans votre environnement professionnel. Nos professionnels sont : &#8211; des psychologues dipl\u00f4m\u00e9s Ils r\u00e9pondent \u00e0 un devoir de confidentialit\u00e9. EIPAS met \u00e0 votre disposition son expertise pour: promouvoir la [&hellip;]<\/p>\n","protected":false},"author":1,"featured_media":0,"parent":0,"menu_order":0,"comment_status":"closed","ping_status":"closed","template":"frontpage.php","meta":{"footnotes":""},"class_list":["post-422","page","type-page","status-publish","hentry"],"acf":[],"_links":{"self":[{"href":"https:\/\/www.eipas.org\/association\/wp-json\/wp\/v2\/pages\/422","targetHints":{"allow":["GET"]}}],"collection":[{"href":"https:\/\/www.eipas.org\/association\/wp-json\/wp\/v2\/pages"}],"about":[{"href":"https:\/\/www.eipas.org\/association\/wp-json\/wp\/v2\/types\/page"}],"author":[{"embeddable":true,"href":"https:\/\/www.eipas.org\/association\/wp-json\/wp\/v2\/users\/1"}],"replies":[{"embeddable":true,"href":"https:\/\/www.eipas.org\/association\/wp-json\/wp\/v2\/comments?post=422"}],"version-history":[{"count":2,"href":"https:\/\/www.eipas.org\/association\/wp-json\/wp\/v2\/pages\/422\/revisions"}],"predecessor-version":[{"id":3473,"href":"https:\/\/www.eipas.org\/association\/wp-json\/wp\/v2\/pages\/422\/revisions\/3473"}],"wp:attachment":[{"href":"https:\/\/www.eipas.org\/association\/wp-json\/wp\/v2\/media?parent=422"}],"curies":[{"name":"wp","href":"https:\/\/api.w.org\/{rel}","templated":true}]}}