{"id":466,"date":"2022-02-01T12:17:58","date_gmt":"2022-02-01T11:17:58","guid":{"rendered":"https:\/\/www.eipas.org\/association\/?page_id=466"},"modified":"2025-09-09T11:14:04","modified_gmt":"2025-09-09T09:14:04","slug":"nos-valeurs","status":"publish","type":"page","link":"https:\/\/www.eipas.org\/association\/qui-sommes-nous\/nos-valeurs\/","title":{"rendered":"Nos valeurs"},"content":{"rendered":"<div id=\"pl-466\"  class=\"panel-layout\" ><div id=\"pg-466-0\"  class=\"panel-grid panel-no-style\" ><div id=\"pgc-466-0-0\"  class=\"panel-grid-cell\" ><div id=\"panel-466-0-0-0\" class=\"so-panel widget widget_sow-editor panel-first-child panel-last-child\" data-index=\"0\" ><div class=\"so-widget-sow-editor so-widget-sow-editor-base\">\n<div class=\"siteorigin-widget-tinymce textwidget\">\n\t<p>L'Association EIPAS : Espace Investigation Pr\u00e9vention et Accompagnement du Stress, a \u00e0 c\u0153ur<em><strong>\u00a0:<\/strong><\/em><\/p>\n<ul>\n<li style=\"list-style-type: none;\">\n<ul>\n<li>d'\u00eatre un centre ressource accessible pour <a href=\"https:\/\/www.eipas.org\/association\/particuliers\/\" target=\"_blank\" rel=\"noopener\">toutes les personnes en souffrance au travail<\/a><\/li>\n<li>d'accompagner les Entreprises dans leurs <a href=\"https:\/\/www.eipas.org\/association\/rps\/\" target=\"_blank\" rel=\"noopener\">d\u00e9marches de pr\u00e9vention des RPS<\/a><\/li>\n<li>de sensibiliser le grand public aux diff\u00e9rentes ressources pour mieux vivre au travail<\/li>\n<\/ul>\n<\/li>\n<\/ul>\n<p><strong><span style=\"color: #000000;\">Proximit\u00e9<\/span><br \/>\n<\/strong>\u00catre un <em><strong>acteur local<\/strong><\/em> nous permet d'\u00eatre r\u00e9actif dans nos propositions et nos interventions, tout en ayant d\u00e9velopp\u00e9 les technologies du <em><strong>distanciel<\/strong><\/em>.<\/p>\n<p><strong>Engagement qualit\u00e9<\/strong><\/p>\n<ul>\n<li style=\"list-style-type: none;\">\n<ul>\n<li>Diffuser des moyens de pr\u00e9vention efficaces<\/li>\n<li>Mettre en \u0153uvre des outils scientifiquement valid\u00e9s<\/li>\n<\/ul>\n<\/li>\n<\/ul>\n<p><strong style=\"font-size: 1rem;\"><span style=\"color: #000000;\">Expertise, Int\u00e9grit\u00e9, Professionnalisme, Accompagnement &amp; Soutien humain : c'est EIPAS!<\/span><\/strong><\/p>\n<p>Nos intervenants sont:<br \/>\n- des <em><strong>Psychologues dipl\u00f4m\u00e9s d'\u00e9tat<\/strong><\/em>: sp\u00e9cialis\u00e9s en psychologie du travail, sociale, clinique et en th\u00e9rapies cognitives et comportementales.<br \/>\n- des <em><strong>Professionnels certifi\u00e9s<\/strong><\/em> RNCP: Sophrologue, di\u00e9t\u00e9ticienne\u2026<br \/>\n- des <em><strong>Intervenants sp\u00e9cialis\u00e9s<\/strong><\/em>: EMDR, hypnose, coaching, m\u00e9ditation pleine conscience, \u2026<\/p>\n<p>Tous nos professionnels r\u00e9pondent au <a href=\"http:\/\/www.codededeontologiedespsychologues.fr\/IMG\/pdf\/Code_deontologie_psychologue_9-09-2021.pdf\" target=\"_blank\" rel=\"noopener\">code de d\u00e9ontologie des Psychologues<\/a>.<\/p>\n<p><strong><span style=\"color: #000000;\">Int\u00e9grit\u00e9, Respect &amp; Engagement<\/span><br \/>\n<\/strong>EIPAS s'engage \u00e0 accompagner les personnes dans la <em><strong>confidentialit\u00e9<\/strong><\/em> et neutralit\u00e9 des \u00e9changes, dans le respect de chacun.<\/p>\n<\/div>\n<\/div><\/div><\/div><\/div><\/div>","protected":false},"excerpt":{"rendered":"<p>L&rsquo;Association EIPAS : Espace Investigation Pr\u00e9vention et Accompagnement du Stress, a \u00e0 c\u0153ur\u00a0: d&rsquo;\u00eatre un centre ressource accessible pour toutes les personnes en souffrance au travail d&rsquo;accompagner les Entreprises dans leurs d\u00e9marches de pr\u00e9vention des RPS de sensibiliser le grand public aux diff\u00e9rentes ressources pour mieux vivre au travail Proximit\u00e9 \u00catre un acteur local nous [&hellip;]<\/p>\n","protected":false},"author":1,"featured_media":0,"parent":482,"menu_order":0,"comment_status":"closed","ping_status":"closed","template":"full-width.php","meta":{"footnotes":""},"class_list":["post-466","page","type-page","status-publish","hentry"],"acf":[],"_links":{"self":[{"href":"https:\/\/www.eipas.org\/association\/wp-json\/wp\/v2\/pages\/466","targetHints":{"allow":["GET"]}}],"collection":[{"href":"https:\/\/www.eipas.org\/association\/wp-json\/wp\/v2\/pages"}],"about":[{"href":"https:\/\/www.eipas.org\/association\/wp-json\/wp\/v2\/types\/page"}],"author":[{"embeddable":true,"href":"https:\/\/www.eipas.org\/association\/wp-json\/wp\/v2\/users\/1"}],"replies":[{"embeddable":true,"href":"https:\/\/www.eipas.org\/association\/wp-json\/wp\/v2\/comments?post=466"}],"version-history":[{"count":2,"href":"https:\/\/www.eipas.org\/association\/wp-json\/wp\/v2\/pages\/466\/revisions"}],"predecessor-version":[{"id":3566,"href":"https:\/\/www.eipas.org\/association\/wp-json\/wp\/v2\/pages\/466\/revisions\/3566"}],"up":[{"embeddable":true,"href":"https:\/\/www.eipas.org\/association\/wp-json\/wp\/v2\/pages\/482"}],"wp:attachment":[{"href":"https:\/\/www.eipas.org\/association\/wp-json\/wp\/v2\/media?parent=466"}],"curies":[{"name":"wp","href":"https:\/\/api.w.org\/{rel}","templated":true}]}}