{"id":2335,"date":"2025-12-08T10:44:30","date_gmt":"2025-12-08T09:44:30","guid":{"rendered":"https:\/\/www.eipas.org\/formations\/formation\/cancer-et-travail\/"},"modified":"2025-12-08T11:44:37","modified_gmt":"2025-12-08T10:44:37","slug":"cancer-et-travail","status":"publish","type":"formation","link":"https:\/\/www.eipas.org\/formations\/formation\/cancer-et-travail\/","title":{"rendered":"Cancer et travail"},"content":{"rendered":"<div class=\"container programme py-4\">\n<div class=\"row\">\n<div class=\"col-12\">\n<h4>Dur\u00e9e<\/h4>\n<p>1 jour soit 6 heures<\/p><\/div>\n<div class=\"col-12 col-md-6\">\n<h4>Objectifs p\u00e9dagogiques&nbsp;<\/h4>\n<p>-Sensibiliser \/ Informer sur le cancer et son impact sur la sph\u00e8re professionnelle<br \/>\n&#8211; Donner des outils d&rsquo;accompagnement\/d&rsquo;accueil \u00e0 partir de donn\u00e9es issues de la litt\u00e9rature scientifique<br \/>\n&#8211; Favoriser le partage d&rsquo;exp\u00e9riences et les \u00e9changes autour de ce th\u00e8me pour lever un tabou\n<\/p><\/div>\n<div class=\"col-12 col-md-6\">\n<h4>M\u00e9thodes p\u00e9dagogiques<\/h4>\n<p>M\u00e9thode interactive<br \/>\nApports th\u00e9oriques, exercices pratiques individuels et exercices en groupe<br \/>\nMises en situation professionnelle \u00e0 partir de situations propos\u00e9es par l&rsquo;intervenant et par les<br \/>\nstagiaires Remise d&rsquo;un support r\u00e9capitulatif<br \/>\nL&rsquo;intervenant est psychologue sp\u00e9cialiste du stress au travail<\/p><\/div>\n<div class=\"col-12 col-md-6\">\n<h4>Public<\/h4>\n<p>&#8211;\tDes personnes concern\u00e9es par le cancer tout au long du processus de la maladie<br \/>\n&#8211;\tDes employeurs<br \/>\n&#8211;\tDes coll\u00e8gues, \u00e9quipes<br \/>\n&#8211;\tDes proches aidants<\/p><\/div>\n<div class=\"col-12 col-md-6\">\n<h4>Pr\u00e9requis<\/h4>\n<p>Aucun<\/p><\/div>\n<div class=\"col-12 col-md-6\">\n<h4>Dispositif de suivi et d&rsquo;appr\u00e9ciation des r\u00e9sultats<\/h4>\n<p>Feuilles de pr\u00e9sence \u00e9marg\u00e9es par demi-journ\u00e9e par le stagiaire<br \/>\nEvaluation par le stagiaire au moyen d&rsquo;une \u00e9valuation en ligne en fin de formation<\/p><\/div>\n<div class=\"col-12 col-md-6\">\n<h4>Conditions de mise en \u0153uvre<\/h4>\n<p>Formation en face \u00e0 face<br \/>\nMaximum 12 stagiaires par session de formation<\/p><\/div>\n<h2 class=\"pt-4 pb-3\">Programme<\/h2>\n<p class=\"ml-4 mb-0 w-100\"> &#8211; Etat des lieux sur le cancer dans le monde du travail<\/p>\n<p class=\"ml-4 mb-0 w-100\"> &#8211; Comprendre le processus du cancer : l&rsquo;annonce, les traitements, la r\u00e9mission, &#8230;<\/p>\n<p class=\"ml-4 mb-0 w-100\"> &#8211; Cons\u00e9quences de la maladie sur la vie professionnelle et personnelle<\/p>\n<p class=\"ml-4 mb-0 w-100\"> &#8211; Les dispositifs d&rsquo;accompagnement possibles \u00e0 destination des personnes atteintes<\/p>\n<p class=\"ml-4 mb-0 w-100\"> &#8211; Les ressources favorisant \u00ab l&#8217;empowerment \u00bb des personnes atteintes de la maladie<\/p>\n<p class=\"ml-4 mb-0 w-100\"> &#8211; Le r\u00f4le et la posture des employeurs, coll\u00e8gues dans l&rsquo;accueil d&rsquo;une personne atteinte d&rsquo;un cancer : pr\u00e9venir la stigmatisation<\/p>\n<p class=\"ml-4 mb-0 w-100\"> &#8211; Exercices \u00e0 partir de t\u00e9moignages<\/p>\n<p class=\"ml-4 mb-0 w-100\"> &#8211; Echanges et questions<\/p>\n<\/p><\/div>\n<\/div>\n","protected":false},"template":"","class_list":["post-2335","formation","type-formation","status-publish","hentry"],"acf":[],"_links":{"self":[{"href":"https:\/\/www.eipas.org\/formations\/wp-json\/wp\/v2\/formation\/2335","targetHints":{"allow":["GET"]}}],"collection":[{"href":"https:\/\/www.eipas.org\/formations\/wp-json\/wp\/v2\/formation"}],"about":[{"href":"https:\/\/www.eipas.org\/formations\/wp-json\/wp\/v2\/types\/formation"}],"wp:attachment":[{"href":"https:\/\/www.eipas.org\/formations\/wp-json\/wp\/v2\/media?parent=2335"}],"curies":[{"name":"wp","href":"https:\/\/api.w.org\/{rel}","templated":true}]}}

<div class="container programme py-4">
<div class="row">
<div class="col-12">
<h4>Durée</h4>
<p>1 jour soit 6 heures</p></div>
<div class="col-12 col-md-6">
<h4>Objectifs pédagogiques&nbsp;</h4>
<p>-Sensibiliser / Informer sur le cancer et son impact sur la sphère professionnelle<br />
&#8211; Donner des outils d&rsquo;accompagnement/d&rsquo;accueil à partir de données issues de la littérature scientifique<br />
&#8211; Favoriser le partage d&rsquo;expériences et les échanges autour de ce thème pour lever un tabou
</p></div>
<div class="col-12 col-md-6">
<h4>Méthodes pédagogiques</h4>
<p>Méthode interactive<br />
Apports théoriques, exercices pratiques individuels et exercices en groupe<br />
Mises en situation professionnelle à partir de situations proposées par l&rsquo;intervenant et par les<br />
stagiaires Remise d&rsquo;un support récapitulatif<br />
L&rsquo;intervenant est psychologue spécialiste du stress au travail</p></div>
<div class="col-12 col-md-6">
<h4>Public</h4>
<p>&#8211;	Des personnes concernées par le cancer tout au long du processus de la maladie<br />
&#8211;	Des employeurs<br />
&#8211;	Des collègues, équipes<br />
&#8211;	Des proches aidants</p></div>
<div class="col-12 col-md-6">
<h4>Prérequis</h4>
<p>Aucun</p></div>
<div class="col-12 col-md-6">
<h4>Dispositif de suivi et d&rsquo;appréciation des résultats</h4>
<p>Feuilles de présence émargées par demi-journée par le stagiaire<br />
Evaluation par le stagiaire au moyen d&rsquo;une évaluation en ligne en fin de formation</p></div>
<div class="col-12 col-md-6">
<h4>Conditions de mise en œuvre</h4>
<p>Formation en face à face<br />
Maximum 12 stagiaires par session de formation</p></div>
<h2 class="pt-4 pb-3">Programme</h2>
<p class="ml-4 mb-0 w-100"> &#8211; Etat des lieux sur le cancer dans le monde du travail</p>
<p class="ml-4 mb-0 w-100"> &#8211; Comprendre le processus du cancer : l&rsquo;annonce, les traitements, la rémission, &#8230;</p>
<p class="ml-4 mb-0 w-100"> &#8211; Conséquences de la maladie sur la vie professionnelle et personnelle</p>
<p class="ml-4 mb-0 w-100"> &#8211; Les dispositifs d&rsquo;accompagnement possibles à destination des personnes atteintes</p>
<p class="ml-4 mb-0 w-100"> &#8211; Les ressources favorisant « l&#8217;empowerment » des personnes atteintes de la maladie</p>
<p class="ml-4 mb-0 w-100"> &#8211; Le rôle et la posture des employeurs, collègues dans l&rsquo;accueil d&rsquo;une personne atteinte d&rsquo;un cancer : prévenir la stigmatisation</p>
<p class="ml-4 mb-0 w-100"> &#8211; Exercices à partir de témoignages</p>
<p class="ml-4 mb-0 w-100"> &#8211; Echanges et questions</p>
</p></div>
</div>
