{"id":1105,"date":"2022-02-25T11:28:31","date_gmt":"2022-02-25T10:28:31","guid":{"rendered":"https:\/\/www.eipas.org\/formations\/?page_id=1105"},"modified":"2025-01-06T15:49:16","modified_gmt":"2025-01-06T14:49:16","slug":"commentaires-de-stagiaires","status":"publish","type":"page","link":"https:\/\/www.eipas.org\/formations\/commentaires-de-stagiaires\/","title":{"rendered":"Commentaires de stagiaires"},"content":{"rendered":"<div id=\"pl-1105\"  class=\"panel-layout\" ><div id=\"pg-1105-0\"  class=\"panel-grid panel-has-style\" ><div class=\"aos-init panel-row-style panel-row-style-for-1105-0\" data-aos=\"fade-up\" data-aos-duration=\"300\" data-aos-easing=\"linear\" data-aos-anchor-placement=\"top-bottom\" data-aos-once=\"false\" ><div id=\"pgc-1105-0-0\"  class=\"panel-grid-cell\" ><div id=\"panel-1105-0-0-0\" class=\"so-panel widget widget_sow-image panel-first-child\" data-index=\"0\" ><div class=\"so-widget-sow-image so-widget-sow-image-default-d6014b76747a-1105\">\n\n<div class=\"sow-image-container\">\n\t\t<img decoding=\"async\" src=\"https:\/\/www.eipas.org\/formations\/wp-content\/uploads\/2022\/01\/Capture-decran-2022-02-25-a-10.19.11-e1645784958135.png\" width=\"844\" height=\"170\" srcset=\"https:\/\/www.eipas.org\/formations\/wp-content\/uploads\/2022\/01\/Capture-decran-2022-02-25-a-10.19.11-e1645784958135.png 844w, https:\/\/www.eipas.org\/formations\/wp-content\/uploads\/2022\/01\/Capture-decran-2022-02-25-a-10.19.11-e1645784958135-300x60.png 300w, https:\/\/www.eipas.org\/formations\/wp-content\/uploads\/2022\/01\/Capture-decran-2022-02-25-a-10.19.11-e1645784958135-768x155.png 768w\" sizes=\"auto, (max-width: 844px) 100vw, 844px\" title=\"Capture d\u2019\u00e9cran 2022-02-25 \u00e0 10.19.11\" alt=\"\" loading=\"lazy\" \t\tclass=\"so-widget-image\"\/>\n\t<\/div>\n\n<\/div><\/div><div id=\"panel-1105-0-0-1\" class=\"so-panel widget widget_sow-editor panel-last-child\" data-index=\"1\" ><div class=\"so-widget-sow-editor so-widget-sow-editor-base\">\n<div class=\"siteorigin-widget-tinymce textwidget\">\n\t<p><!-- wp:paragraph --><\/p>\n<div dir=\"ltr\">\n<div dir=\"ltr\">\n<div class=\"adL\">\n<div dir=\"ltr\">\n<p>\"Merci pour cette journ\u00e9e ; j'ai acquis de nouvelles comp\u00e9tences en cas d'agression d'un patient pour agir de la meilleure des mani\u00e8res.\" <em>D\u00e9cembre 2024 \/ Cyril M.<\/em><\/p>\n<p>\"Je repars avec des outils, c'est le top !\" <em>Mai 2024 \/ Anne-Laure O.<\/em><\/p>\n<p>\"Formation compl\u00e8te et enrichissante gr\u00e2ce \u00e0 la qualit\u00e9 du contenu et de la formatrice.\" <em>Avril 2024 \/ Camille C.<\/em><\/p>\n<p>\"J'appr\u00e9hendais d'\u00eatre en Visio\u00a0(\u2026) en fin de compte j'ai pu m'exprimer et vivre pleinement cette journ\u00e9e. Les cas pratiques \u00e9taient tr\u00e8s int\u00e9ressants. \" <em>D\u00e9cembre 2021 \/ Julie M.<\/em><\/p>\n<p>\"Trop court, j'aimerais avoir une 2e dose de cette formation.\"\u00a0<em>Novembre 2021 \/ B\u00e9n\u00e9dicte C.<\/em><\/p>\n<p>\"Contenu int\u00e9ressant sur des choses v\u00e9cues dans le quotidien du travail.\" <em>Septembre 2021 \/ Mariam S.<\/em><\/p>\n<p>\"L'effet de groupe est vraiment porteur, j'ai appr\u00e9ci\u00e9 que les autres mettent des mots sur mes ressentis, cependant j'aurai aim\u00e9 avoir plus de temps en fin de formation pour m'exprimer.\" <em>Septembre 2021 \/ Sandrine F.<\/em><\/p>\n<p>\"Je suis juste d\u00e9\u00e7ue de ne pas avoir fait cette formation plus t\u00f4t.\" <i>Mai 2021 \/ Elisabeth C.<\/i><\/p>\n<p>\"J'aurai aim\u00e9 qu'on ait plus de temps.\" <em>Juin 2020 \/ Andr\u00e9 B.<\/em><\/p>\n<p>\"Je suis satisfaite de cette formation car je pense avoir tous les outils n\u00e9cessaires, il me reste \u00e0 les travailler.\" <em>Juin 2020 \/ Claire N.<\/em><\/p>\n<p>\"J'aurais aim\u00e9 qu'on ait plus de temps pour travailler la communication assertive. Tr\u00e8s constructif, la mise en application peut \u00eatre tr\u00e8s b\u00e9n\u00e9fique.\" <em>Juin 2020 \/ Jean-Marc F.<\/em><\/p>\n<p>\"La participation active des personnes montre l'importance du sujet , le besoin d'en parler et de disposer d'outils pour agir.\" <em>Avril 2020 \/ Pascale D.<\/em><\/p>\n<p>\"C'est agr\u00e9able d'avoir des outils suppl\u00e9mentaires face \u00e0 certaines situations.\" <em>Juin 2019 \/ Alexandre C.<\/em><\/p>\n<p>\"J'ai enfin compris ce qu'\u00e9tais un biais cognitif et surtout quand et pourquoi cela se pr\u00e9sente, je peux passer \u00e0 l'action pour agir et m'en d\u00e9faire, bref \u00eatre meilleur !.\" <em>Juin 2019 \/ Alexandre C.<\/em><\/p>\n<p>\"J'ai ressenti de r\u00e9elles difficult\u00e9s \u00e0 aborder les conflits que je vis (\u2026) cette journ\u00e9e me permet de me porter un autre regard et de retrouver du positif.\" F\u00e9vrier<em> 2019 \/ Ibrahim B.<\/em><\/p>\n<p>\"Pas eu le choix, ma cheffe m'avait inscrit d'office (\u2026) et je suis tr\u00e8s content d'avoir pass\u00e9 cette journ\u00e9e en formation, j'ai l'effet d'un break avec des personnes d'autres entreprises (\u2026) pour mieux retourner au travail demain\" Octobre<em> 2019 \/ Kevin A.<\/em><\/p>\n<p>\"Une d\u00e9couverte concr\u00e8te: ensemble on est moins seul. Quelle richesse de pouvoir int\u00e9grer une journ\u00e9e comme celle-ci .\" <em>Juin 2019 \/ Maria Carolina D.<\/em><\/p>\n<p>\"Je ressors de cette formation avec une vraie envie de mettre en pratique ce que j'ai appris pour faire face \u00e0 certaines situations.\" D\u00e9cembre <em>2018 \/ Farah E.<\/em><\/p>\n<p>\"J'aurais de quoi bouquiner pour mieux dormir dans un premier temps avec le livret de stagiaire et beaucoup d'exercices \u00e0 pratiquer pour me sentir mieux.\" Mai<em> 2018 \/\u00a0 Marie Line T.<\/em><\/p>\n<p>\"En arrivant, j'ai eu peur d'\u00eatre jug\u00e9e (\u2026) et c'\u00e9tait tout l'inverse ! J'ai enfin vid\u00e9 mon sac avec des personnes vraiment bienveillantes, j'ai appris tellement de choses aujourd'hui (\u2026).\" <em>Janvier 2018 \/ Ad\u00e9la\u00efde B.<\/em><\/p>\n<p>\"Tr\u00e8s int\u00e9ressant d\u2019\u00e9changer avec les autres personnes m\u00eame si pas toujours facile de prendre la parole pour moi.\" <em>D\u00e9cembre 2017 \/ St\u00e9phane R.<\/em><\/p>\n<p>&nbsp;<\/p>\n<p>&nbsp;<\/p>\n<div class=\"yj6qo\"><\/div>\n<div class=\"adL\"><\/div>\n<\/div>\n<\/div>\n<\/div>\n<\/div>\n<p><!-- \/wp:paragraph --><\/p>\n<\/div>\n<\/div><\/div><\/div><\/div><\/div><\/div>","protected":false},"excerpt":{"rendered":"<p>\u00ab\u00a0Merci pour cette journ\u00e9e ; j&rsquo;ai acquis de nouvelles comp\u00e9tences en cas d&rsquo;agression d&rsquo;un patient pour agir de la meilleure des mani\u00e8res.\u00a0\u00bb D\u00e9cembre 2024 \/ Cyril M. \u00ab\u00a0Je repars avec des outils, c&rsquo;est le top !\u00a0\u00bb Mai 2024 \/ Anne-Laure O. \u00ab\u00a0Formation compl\u00e8te et enrichissante gr\u00e2ce \u00e0 la qualit\u00e9 du contenu et de la formatrice.\u00a0\u00bb [&hellip;]<\/p>\n","protected":false},"author":3,"featured_media":0,"parent":0,"menu_order":0,"comment_status":"closed","ping_status":"closed","template":"","meta":{"footnotes":""},"class_list":["post-1105","page","type-page","status-publish","hentry"],"acf":[],"_links":{"self":[{"href":"https:\/\/www.eipas.org\/formations\/wp-json\/wp\/v2\/pages\/1105","targetHints":{"allow":["GET"]}}],"collection":[{"href":"https:\/\/www.eipas.org\/formations\/wp-json\/wp\/v2\/pages"}],"about":[{"href":"https:\/\/www.eipas.org\/formations\/wp-json\/wp\/v2\/types\/page"}],"author":[{"embeddable":true,"href":"https:\/\/www.eipas.org\/formations\/wp-json\/wp\/v2\/users\/3"}],"replies":[{"embeddable":true,"href":"https:\/\/www.eipas.org\/formations\/wp-json\/wp\/v2\/comments?post=1105"}],"version-history":[{"count":2,"href":"https:\/\/www.eipas.org\/formations\/wp-json\/wp\/v2\/pages\/1105\/revisions"}],"predecessor-version":[{"id":2191,"href":"https:\/\/www.eipas.org\/formations\/wp-json\/wp\/v2\/pages\/1105\/revisions\/2191"}],"wp:attachment":[{"href":"https:\/\/www.eipas.org\/formations\/wp-json\/wp\/v2\/media?parent=1105"}],"curies":[{"name":"wp","href":"https:\/\/api.w.org\/{rel}","templated":true}]}}