{"id":1690,"date":"2022-07-18T11:56:37","date_gmt":"2022-07-18T09:56:37","guid":{"rendered":"https:\/\/www.eipas.org\/formations\/?page_id=1690"},"modified":"2024-11-19T14:37:45","modified_gmt":"2024-11-19T13:37:45","slug":"reglement-interieur-eipas","status":"publish","type":"page","link":"https:\/\/www.eipas.org\/formations\/reglement-interieur-eipas\/","title":{"rendered":"R\u00e8glement int\u00e9rieur EIPAS"},"content":{"rendered":"<p><a href=\"https:\/\/www.eipas.org\/formations\/wp-content\/uploads\/2024\/11\/Reglement-interieur-EIPAS-Sarl-signe.pdf\" target=\"_blank\" rel=\"noopener\">T\u00e9l\u00e9charger le r\u00e8glement int\u00e9rieur<\/a><\/p>\n","protected":false},"excerpt":{"rendered":"<p>T\u00e9l\u00e9charger le r\u00e8glement int\u00e9rieur<\/p>\n","protected":false},"author":3,"featured_media":0,"parent":0,"menu_order":0,"comment_status":"closed","ping_status":"closed","template":"","meta":{"footnotes":""},"class_list":["post-1690","page","type-page","status-publish","hentry"],"acf":[],"_links":{"self":[{"href":"https:\/\/www.eipas.org\/formations\/wp-json\/wp\/v2\/pages\/1690","targetHints":{"allow":["GET"]}}],"collection":[{"href":"https:\/\/www.eipas.org\/formations\/wp-json\/wp\/v2\/pages"}],"about":[{"href":"https:\/\/www.eipas.org\/formations\/wp-json\/wp\/v2\/types\/page"}],"author":[{"embeddable":true,"href":"https:\/\/www.eipas.org\/formations\/wp-json\/wp\/v2\/users\/3"}],"replies":[{"embeddable":true,"href":"https:\/\/www.eipas.org\/formations\/wp-json\/wp\/v2\/comments?post=1690"}],"version-history":[{"count":2,"href":"https:\/\/www.eipas.org\/formations\/wp-json\/wp\/v2\/pages\/1690\/revisions"}],"predecessor-version":[{"id":2151,"href":"https:\/\/www.eipas.org\/formations\/wp-json\/wp\/v2\/pages\/1690\/revisions\/2151"}],"wp:attachment":[{"href":"https:\/\/www.eipas.org\/formations\/wp-json\/wp\/v2\/media?parent=1690"}],"curies":[{"name":"wp","href":"https:\/\/api.w.org\/{rel}","templated":true}]}}