{"id":885,"date":"2022-02-21T10:41:28","date_gmt":"2022-02-21T09:41:28","guid":{"rendered":"https:\/\/www.eipas.org\/formations\/?page_id=885"},"modified":"2022-04-11T10:57:35","modified_gmt":"2022-04-11T08:57:35","slug":"courtes-2-x-3-heures","status":"publish","type":"page","link":"https:\/\/www.eipas.org\/formations\/nos-formations\/courtes-2-x-3-heures\/","title":{"rendered":"Formations courtes 2 x 3 heures (pr\u00e9sentiel ou distanciel)"},"content":{"rendered":"<div id=\"pl-885\"  class=\"panel-layout\" ><div id=\"pg-885-0\"  class=\"panel-grid panel-no-style\" ><div id=\"pgc-885-0-0\"  class=\"panel-grid-cell\" ><div id=\"panel-885-0-0-0\" class=\"so-panel widget widget_sow-editor panel-first-child panel-last-child\" data-index=\"0\" ><div class=\"so-widget-sow-editor so-widget-sow-editor-base\">\n<div class=\"siteorigin-widget-tinymce textwidget\">\n\t<p>Ces formations courtes vous sont propos\u00e9es en VISIO ou en PRESENTIEL.\u00a0<b><a href=\"https:\/\/www.eipas.org\/formations\/contactez-nous\/\" target=\"_blank\" rel=\"noopener\">Contactez-nous<\/a>.<\/b><\/p>\n<p>TOUT PUBLIC:<\/p>\n<ul>\n<li><a href=\"https:\/\/www.eipas.org\/formations\/formation\/gestion-du-stress-en-2x3h\/\">Gestion du stress au travail<\/a><\/li>\n<li><a href=\"https:\/\/www.eipas.org\/formations\/formation\/gestion-des-emotions-et-affirmation-de-soi-en-2x3h\/\">Gestion des \u00e9motions et affirmation de soi<\/a><\/li>\n<li><a href=\"https:\/\/www.eipas.org\/formations\/formation\/optimiser-sa-recuperation-en-2x3h-2\/\">Optimiser sa r\u00e9cup\u00e9ration <\/a><\/li>\n<li><a href=\"https:\/\/www.eipas.org\/formations\/formation\/prevenir-le-burnout\/\">Pr\u00e9venir le burnout<\/a><\/li>\n<\/ul>\n<p>MANAGERS \/ PREVENTEURS<\/p>\n<ul>\n<li><a href=\"https:\/\/www.eipas.org\/formations\/formation\/la-demarche-qvt-en-2x3h\/\" target=\"_blank\" rel=\"noopener\">D\u00e9marche de QVT<\/a><\/li>\n<li><a href=\"https:\/\/www.eipas.org\/formations\/formation\/Accompagnement-du-changement-en-2x3h\/\" target=\"_blank\" rel=\"noopener\">Accompagner le changement<\/a><\/li>\n<\/ul>\n<\/div>\n<\/div><\/div><\/div><div id=\"pgc-885-0-1\"  class=\"panel-grid-cell\" ><div id=\"panel-885-0-1-0\" class=\"so-panel widget widget_sow-image panel-first-child panel-last-child\" data-index=\"1\" ><div class=\"so-widget-sow-image so-widget-sow-image-default-4b231843ec72-885\">\n\n<div class=\"sow-image-container\">\n\t\t<img decoding=\"async\" src=\"https:\/\/www.eipas.org\/formations\/wp-content\/uploads\/2022\/02\/g51c95bc55edcae9a9bdfcaea169aed4217027b7300e4821b0aa3b55b08df6e2ea4d0e020610d1104937091e0861094e9_1920.jpg\" width=\"1920\" height=\"1078\" srcset=\"https:\/\/www.eipas.org\/formations\/wp-content\/uploads\/2022\/02\/g51c95bc55edcae9a9bdfcaea169aed4217027b7300e4821b0aa3b55b08df6e2ea4d0e020610d1104937091e0861094e9_1920.jpg 1920w, https:\/\/www.eipas.org\/formations\/wp-content\/uploads\/2022\/02\/g51c95bc55edcae9a9bdfcaea169aed4217027b7300e4821b0aa3b55b08df6e2ea4d0e020610d1104937091e0861094e9_1920-300x168.jpg 300w, https:\/\/www.eipas.org\/formations\/wp-content\/uploads\/2022\/02\/g51c95bc55edcae9a9bdfcaea169aed4217027b7300e4821b0aa3b55b08df6e2ea4d0e020610d1104937091e0861094e9_1920-1024x575.jpg 1024w, https:\/\/www.eipas.org\/formations\/wp-content\/uploads\/2022\/02\/g51c95bc55edcae9a9bdfcaea169aed4217027b7300e4821b0aa3b55b08df6e2ea4d0e020610d1104937091e0861094e9_1920-768x431.jpg 768w, https:\/\/www.eipas.org\/formations\/wp-content\/uploads\/2022\/02\/g51c95bc55edcae9a9bdfcaea169aed4217027b7300e4821b0aa3b55b08df6e2ea4d0e020610d1104937091e0861094e9_1920-1536x862.jpg 1536w\" sizes=\"auto, (max-width: 1920px) 100vw, 1920px\" alt=\"\" loading=\"lazy\" \t\tclass=\"so-widget-image\"\/>\n\t<\/div>\n\n<\/div><\/div><\/div><\/div><\/div>","protected":false},"excerpt":{"rendered":"<p>Ces formations courtes vous sont propos\u00e9es en VISIO ou en PRESENTIEL.\u00a0Contactez-nous. TOUT PUBLIC: Gestion du stress au travail Gestion des \u00e9motions et affirmation de soi Optimiser sa r\u00e9cup\u00e9ration Pr\u00e9venir le burnout MANAGERS \/ PREVENTEURS D\u00e9marche de QVT Accompagner le changement<\/p>\n","protected":false},"author":3,"featured_media":0,"parent":480,"menu_order":0,"comment_status":"closed","ping_status":"closed","template":"formations-public.php","meta":{"footnotes":""},"class_list":["post-885","page","type-page","status-publish","hentry"],"acf":[],"_links":{"self":[{"href":"https:\/\/www.eipas.org\/formations\/wp-json\/wp\/v2\/pages\/885","targetHints":{"allow":["GET"]}}],"collection":[{"href":"https:\/\/www.eipas.org\/formations\/wp-json\/wp\/v2\/pages"}],"about":[{"href":"https:\/\/www.eipas.org\/formations\/wp-json\/wp\/v2\/types\/page"}],"author":[{"embeddable":true,"href":"https:\/\/www.eipas.org\/formations\/wp-json\/wp\/v2\/users\/3"}],"replies":[{"embeddable":true,"href":"https:\/\/www.eipas.org\/formations\/wp-json\/wp\/v2\/comments?post=885"}],"version-history":[{"count":2,"href":"https:\/\/www.eipas.org\/formations\/wp-json\/wp\/v2\/pages\/885\/revisions"}],"predecessor-version":[{"id":1634,"href":"https:\/\/www.eipas.org\/formations\/wp-json\/wp\/v2\/pages\/885\/revisions\/1634"}],"up":[{"embeddable":true,"href":"https:\/\/www.eipas.org\/formations\/wp-json\/wp\/v2\/pages\/480"}],"wp:attachment":[{"href":"https:\/\/www.eipas.org\/formations\/wp-json\/wp\/v2\/media?parent=885"}],"curies":[{"name":"wp","href":"https:\/\/api.w.org\/{rel}","templated":true}]}}